{"id":995,"date":"2020-11-09T07:29:13","date_gmt":"2020-11-09T06:29:13","guid":{"rendered":"https:\/\/vergersdelozere.net\/?post_type=vegetaux&#038;p=995"},"modified":"2021-02-12T07:59:17","modified_gmt":"2021-02-12T06:59:17","slug":"rose-douce","status":"publish","type":"vegetaux","link":"https:\/\/vergersdelozere.net\/index.php\/vegetaux\/rose-douce\/","title":{"rendered":"Rose Douce"},"content":{"rendered":"<div>\n<p class=\"Standard\">Vari\u00e9t\u00e9 originaire d\u2019Ard\u00e8che.<\/p>\n<p class=\"Standard\">Le fruit est petit, aplati, de couleur jaune avec une joue rose et un p\u00e9doncule tr\u00e8s court.<\/p>\n<p class=\"Standard\">Sa chair blanche est croquante, juteuse, parfum\u00e9e et sans acidit\u00e9.<\/p>\n<p class=\"Standard\">L&rsquo;arbre, \u00e0 port \u00e9rig\u00e9, fait preuve d&rsquo;une bonne r\u00e9sistance aux maladies. Il est productif.<\/p>\n<\/div>\n<div>\n<p class=\"Standard\">Maturit\u00e9 : consommation d\u2019octobre \u00e0 f\u00e9vrier.<\/p>\n<\/div>\n<div>\n<p class=\"Standard\">Usages : \u00e0 couteau.<\/p>\n<p>&nbsp;<\/p>\n<p><img fetchpriority=\"high\" decoding=\"async\" class=\"alignnone wp-image-3120 size-large\" src=\"https:\/\/vergersdelozere.net\/wp-content\/uploads\/2020\/11\/Rose_Douce_ML-1024x768.jpg\" alt=\"\" width=\"1024\" height=\"768\" srcset=\"https:\/\/vergersdelozere.net\/wp-content\/uploads\/2020\/11\/Rose_Douce_ML-1024x768.jpg 1024w, https:\/\/vergersdelozere.net\/wp-content\/uploads\/2020\/11\/Rose_Douce_ML-300x225.jpg 300w, https:\/\/vergersdelozere.net\/wp-content\/uploads\/2020\/11\/Rose_Douce_ML-768x576.jpg 768w, https:\/\/vergersdelozere.net\/wp-content\/uploads\/2020\/11\/Rose_Douce_ML.jpg 1100w\" sizes=\"(max-width: 1024px) 100vw, 1024px\" \/><\/p>\n<\/div>\n","protected":false},"featured_media":3120,"comment_status":"open","ping_status":"closed","template":"","varietes_fruitieres":[20],"type_vegetal":[],"class_list":["post-995","vegetaux","type-vegetaux","status-publish","has-post-thumbnail","hentry","varietes_fruitieres-pommes","entry","has-media"],"acf":[],"_links":{"self":[{"href":"https:\/\/vergersdelozere.net\/index.php\/wp-json\/wp\/v2\/vegetaux\/995"}],"collection":[{"href":"https:\/\/vergersdelozere.net\/index.php\/wp-json\/wp\/v2\/vegetaux"}],"about":[{"href":"https:\/\/vergersdelozere.net\/index.php\/wp-json\/wp\/v2\/types\/vegetaux"}],"replies":[{"embeddable":true,"href":"https:\/\/vergersdelozere.net\/index.php\/wp-json\/wp\/v2\/comments?post=995"}],"version-history":[{"count":0,"href":"https:\/\/vergersdelozere.net\/index.php\/wp-json\/wp\/v2\/vegetaux\/995\/revisions"}],"wp:featuredmedia":[{"embeddable":true,"href":"https:\/\/vergersdelozere.net\/index.php\/wp-json\/wp\/v2\/media\/3120"}],"wp:attachment":[{"href":"https:\/\/vergersdelozere.net\/index.php\/wp-json\/wp\/v2\/media?parent=995"}],"wp:term":[{"taxonomy":"varietes_fruitieres","embeddable":true,"href":"https:\/\/vergersdelozere.net\/index.php\/wp-json\/wp\/v2\/varietes_fruitieres?post=995"},{"taxonomy":"type_vegetal","embeddable":true,"href":"https:\/\/vergersdelozere.net\/index.php\/wp-json\/wp\/v2\/type_vegetal?post=995"}],"curies":[{"name":"wp","href":"https:\/\/api.w.org\/{rel}","templated":true}]}}

<div>
<p class="Standard">Variété originaire d’Ardèche.</p>
<p class="Standard">Le fruit est petit, aplati, de couleur jaune avec une joue rose et un pédoncule très court.</p>
<p class="Standard">Sa chair blanche est croquante, juteuse, parfumée et sans acidité.</p>
<p class="Standard">L&rsquo;arbre, à port érigé, fait preuve d&rsquo;une bonne résistance aux maladies. Il est productif.</p>
</div>
<div>
<p class="Standard">Maturité : consommation d’octobre à février.</p>
</div>
<div>
<p class="Standard">Usages : à couteau.</p>
<p>&nbsp;</p>
<p><img fetchpriority="high" decoding="async" class="alignnone wp-image-3120 size-large" src="https://vergersdelozere.net/wp-content/uploads/2020/11/Rose_Douce_ML-1024x768.jpg" alt="" width="1024" height="768" srcset="https://vergersdelozere.net/wp-content/uploads/2020/11/Rose_Douce_ML-1024x768.jpg 1024w, https://vergersdelozere.net/wp-content/uploads/2020/11/Rose_Douce_ML-300x225.jpg 300w, https://vergersdelozere.net/wp-content/uploads/2020/11/Rose_Douce_ML-768x576.jpg 768w, https://vergersdelozere.net/wp-content/uploads/2020/11/Rose_Douce_ML.jpg 1100w" sizes="(max-width: 1024px) 100vw, 1024px" /></p>
</div>
