{"id":975,"date":"2020-11-06T14:02:16","date_gmt":"2020-11-06T13:02:16","guid":{"rendered":"https:\/\/vergersdelozere.net\/?post_type=vegetaux&#038;p=975"},"modified":"2020-11-13T18:13:17","modified_gmt":"2020-11-13T17:13:17","slug":"grenadier","status":"publish","type":"vegetaux","link":"https:\/\/vergersdelozere.net\/index.php\/vegetaux\/grenadier\/","title":{"rendered":"Grenadier"},"content":{"rendered":"<div>\n<p class=\"Standard\">Fruit d\u2019\u00e9t\u00e9, elle est sans doute d\u2019origine anglaise mais on la trouve en divers lieux de la vall\u00e9e de la Mimente.<\/p>\n<p class=\"Standard\">Gros fruit \u00e0 la peau blanche, il craint les chocs.<\/p>\n<p class=\"Standard\">Chair acidul\u00e9e, tr\u00e8s juteuse, tr\u00e8s agr\u00e9able et tr\u00e8s d\u00e9salt\u00e9rante.<\/p>\n<\/div>\n<div>\n<p class=\"Standard\">Maturit\u00e9 : en ao\u00fbt, on la ramasse et on la mange, car elle ne se conserve pas.<\/p>\n<\/div>\n<div>\n<p class=\"Standard\">Usages : \u00e0 couteau ou \u00e0 cuire.<\/p>\n<\/div>\n","protected":false},"featured_media":976,"comment_status":"open","ping_status":"closed","template":"","varietes_fruitieres":[20],"type_vegetal":[],"class_list":["post-975","vegetaux","type-vegetaux","status-publish","has-post-thumbnail","hentry","varietes_fruitieres-pommes","entry","has-media"],"acf":[],"_links":{"self":[{"href":"https:\/\/vergersdelozere.net\/index.php\/wp-json\/wp\/v2\/vegetaux\/975"}],"collection":[{"href":"https:\/\/vergersdelozere.net\/index.php\/wp-json\/wp\/v2\/vegetaux"}],"about":[{"href":"https:\/\/vergersdelozere.net\/index.php\/wp-json\/wp\/v2\/types\/vegetaux"}],"replies":[{"embeddable":true,"href":"https:\/\/vergersdelozere.net\/index.php\/wp-json\/wp\/v2\/comments?post=975"}],"version-history":[{"count":0,"href":"https:\/\/vergersdelozere.net\/index.php\/wp-json\/wp\/v2\/vegetaux\/975\/revisions"}],"wp:featuredmedia":[{"embeddable":true,"href":"https:\/\/vergersdelozere.net\/index.php\/wp-json\/wp\/v2\/media\/976"}],"wp:attachment":[{"href":"https:\/\/vergersdelozere.net\/index.php\/wp-json\/wp\/v2\/media?parent=975"}],"wp:term":[{"taxonomy":"varietes_fruitieres","embeddable":true,"href":"https:\/\/vergersdelozere.net\/index.php\/wp-json\/wp\/v2\/varietes_fruitieres?post=975"},{"taxonomy":"type_vegetal","embeddable":true,"href":"https:\/\/vergersdelozere.net\/index.php\/wp-json\/wp\/v2\/type_vegetal?post=975"}],"curies":[{"name":"wp","href":"https:\/\/api.w.org\/{rel}","templated":true}]}}

<div>
<p class="Standard">Fruit d’été, elle est sans doute d’origine anglaise mais on la trouve en divers lieux de la vallée de la Mimente.</p>
<p class="Standard">Gros fruit à la peau blanche, il craint les chocs.</p>
<p class="Standard">Chair acidulée, très juteuse, très agréable et très désaltérante.</p>
</div>
<div>
<p class="Standard">Maturité : en août, on la ramasse et on la mange, car elle ne se conserve pas.</p>
</div>
<div>
<p class="Standard">Usages : à couteau ou à cuire.</p>
</div>
