{"id":960,"date":"2020-11-05T09:17:24","date_gmt":"2020-11-05T08:17:24","guid":{"rendered":"https:\/\/vergersdelozere.net\/?post_type=vegetaux&#038;p=960"},"modified":"2020-11-05T17:39:29","modified_gmt":"2020-11-05T16:39:29","slug":"donzeille","status":"publish","type":"vegetaux","link":"https:\/\/vergersdelozere.net\/index.php\/vegetaux\/donzeille\/","title":{"rendered":"Donzeille"},"content":{"rendered":"<div>\n<p class=\"Standard\">Les fruits sont souvent difformes car ils poussent group\u00e9s et ont un p\u00e9doncule tr\u00e8s court.<\/p>\n<p class=\"Standard\">Fruit moyen conique arrondi, vert jaun\u00e2tre, rose saumon\u00e9 \u00e0 l\u2019insolation.<\/p>\n<p class=\"Standard\">La chair est blanche, tendre, fine, sucr\u00e9e et acidul\u00e9e. Elle devient rapidement farineuse.<\/p>\n<p>Vari\u00e9t\u00e9 r\u00e9sistante, peu attaqu\u00e9e par les insectes, mais sensible \u00e0 la tavelure.<\/p>\n<\/div>\n<div>\n<p class=\"Standard\">Maturit\u00e9 : \u00e9t\u00e9, \u00e0 partir d\u2019ao\u00fbt, elle se conserve jusqu&rsquo;en octobre si ramass\u00e9e verte.<\/p>\n<\/div>\n<div>\n<p class=\"Standard\">Usages : \u00e0 couteau et \u00e0 cuire en compote.<\/p>\n<\/div>\n","protected":false},"featured_media":965,"comment_status":"closed","ping_status":"closed","template":"","varietes_fruitieres":[20],"type_vegetal":[],"class_list":["post-960","vegetaux","type-vegetaux","status-publish","has-post-thumbnail","hentry","varietes_fruitieres-pommes","entry","has-media"],"acf":[],"_links":{"self":[{"href":"https:\/\/vergersdelozere.net\/index.php\/wp-json\/wp\/v2\/vegetaux\/960"}],"collection":[{"href":"https:\/\/vergersdelozere.net\/index.php\/wp-json\/wp\/v2\/vegetaux"}],"about":[{"href":"https:\/\/vergersdelozere.net\/index.php\/wp-json\/wp\/v2\/types\/vegetaux"}],"replies":[{"embeddable":true,"href":"https:\/\/vergersdelozere.net\/index.php\/wp-json\/wp\/v2\/comments?post=960"}],"version-history":[{"count":1,"href":"https:\/\/vergersdelozere.net\/index.php\/wp-json\/wp\/v2\/vegetaux\/960\/revisions"}],"predecessor-version":[{"id":962,"href":"https:\/\/vergersdelozere.net\/index.php\/wp-json\/wp\/v2\/vegetaux\/960\/revisions\/962"}],"wp:featuredmedia":[{"embeddable":true,"href":"https:\/\/vergersdelozere.net\/index.php\/wp-json\/wp\/v2\/media\/965"}],"wp:attachment":[{"href":"https:\/\/vergersdelozere.net\/index.php\/wp-json\/wp\/v2\/media?parent=960"}],"wp:term":[{"taxonomy":"varietes_fruitieres","embeddable":true,"href":"https:\/\/vergersdelozere.net\/index.php\/wp-json\/wp\/v2\/varietes_fruitieres?post=960"},{"taxonomy":"type_vegetal","embeddable":true,"href":"https:\/\/vergersdelozere.net\/index.php\/wp-json\/wp\/v2\/type_vegetal?post=960"}],"curies":[{"name":"wp","href":"https:\/\/api.w.org\/{rel}","templated":true}]}}

<div>
<p class="Standard">Les fruits sont souvent difformes car ils poussent groupés et ont un pédoncule très court.</p>
<p class="Standard">Fruit moyen conique arrondi, vert jaunâtre, rose saumoné à l’insolation.</p>
<p class="Standard">La chair est blanche, tendre, fine, sucrée et acidulée. Elle devient rapidement farineuse.</p>
<p>Variété résistante, peu attaquée par les insectes, mais sensible à la tavelure.</p>
</div>
<div>
<p class="Standard">Maturité : été, à partir d’août, elle se conserve jusqu&rsquo;en octobre si ramassée verte.</p>
</div>
<div>
<p class="Standard">Usages : à couteau et à cuire en compote.</p>
</div>
