{"id":902,"date":"2020-11-03T10:56:33","date_gmt":"2020-11-03T09:56:33","guid":{"rendered":"https:\/\/vergersdelozere.net\/?post_type=vegetaux&#038;p=902"},"modified":"2021-12-20T16:30:37","modified_gmt":"2021-12-20T15:30:37","slug":"bournette-double","status":"publish","type":"vegetaux","link":"https:\/\/vergersdelozere.net\/index.php\/vegetaux\/bournette-double\/","title":{"rendered":"Bournette Double"},"content":{"rendered":"<p><span style=\"color: #808080;\">Vari\u00e9t\u00e9 locale tr\u00e8s r\u00e9pandue en Loz\u00e8re et dans le Gard.<\/span><\/p>\n<p><span style=\"color: #808080;\">Fruit moyen, rond et aplati, \u00e0 la belle robe rouge stri\u00e9e de carmin fonc\u00e9.<\/span><\/p>\n<p><span style=\"color: #808080;\">Sa chair est jaune clair, tendre, juteuse, sucr\u00e9e, acidul\u00e9e et parfum\u00e9e. Elle devient rapidement farineuse.<\/span><\/p>\n<p><span style=\"color: #808080;\">Arbre tr\u00e8s vigoureux et fertile qui appr\u00e9cie l&rsquo;altitude et le froid (\u00e0 partir de 300 m\u00e8tres).<\/span><\/p>\n<p><span style=\"color: #808080;\">Maturit\u00e9 : automne, on peut la consommer jusqu&rsquo;en d\u00e9cembre<\/span><\/p>\n<p><span style=\"color: #808080;\">Usages : \u00e0 jus et \u00e0 cuire.<\/span><\/p>\n","protected":false},"featured_media":1620,"comment_status":"open","ping_status":"closed","template":"","varietes_fruitieres":[20],"type_vegetal":[],"class_list":["post-902","vegetaux","type-vegetaux","status-publish","has-post-thumbnail","hentry","varietes_fruitieres-pommes","entry","has-media"],"acf":[],"_links":{"self":[{"href":"https:\/\/vergersdelozere.net\/index.php\/wp-json\/wp\/v2\/vegetaux\/902"}],"collection":[{"href":"https:\/\/vergersdelozere.net\/index.php\/wp-json\/wp\/v2\/vegetaux"}],"about":[{"href":"https:\/\/vergersdelozere.net\/index.php\/wp-json\/wp\/v2\/types\/vegetaux"}],"replies":[{"embeddable":true,"href":"https:\/\/vergersdelozere.net\/index.php\/wp-json\/wp\/v2\/comments?post=902"}],"version-history":[{"count":1,"href":"https:\/\/vergersdelozere.net\/index.php\/wp-json\/wp\/v2\/vegetaux\/902\/revisions"}],"predecessor-version":[{"id":4394,"href":"https:\/\/vergersdelozere.net\/index.php\/wp-json\/wp\/v2\/vegetaux\/902\/revisions\/4394"}],"wp:featuredmedia":[{"embeddable":true,"href":"https:\/\/vergersdelozere.net\/index.php\/wp-json\/wp\/v2\/media\/1620"}],"wp:attachment":[{"href":"https:\/\/vergersdelozere.net\/index.php\/wp-json\/wp\/v2\/media?parent=902"}],"wp:term":[{"taxonomy":"varietes_fruitieres","embeddable":true,"href":"https:\/\/vergersdelozere.net\/index.php\/wp-json\/wp\/v2\/varietes_fruitieres?post=902"},{"taxonomy":"type_vegetal","embeddable":true,"href":"https:\/\/vergersdelozere.net\/index.php\/wp-json\/wp\/v2\/type_vegetal?post=902"}],"curies":[{"name":"wp","href":"https:\/\/api.w.org\/{rel}","templated":true}]}}

<p><span style="color: #808080;">Variété locale très répandue en Lozère et dans le Gard.</span></p>
<p><span style="color: #808080;">Fruit moyen, rond et aplati, à la belle robe rouge striée de carmin foncé.</span></p>
<p><span style="color: #808080;">Sa chair est jaune clair, tendre, juteuse, sucrée, acidulée et parfumée. Elle devient rapidement farineuse.</span></p>
<p><span style="color: #808080;">Arbre très vigoureux et fertile qui apprécie l&rsquo;altitude et le froid (à partir de 300 mètres).</span></p>
<p><span style="color: #808080;">Maturité : automne, on peut la consommer jusqu&rsquo;en décembre</span></p>
<p><span style="color: #808080;">Usages : à jus et à cuire.</span></p>
