{"id":888,"date":"2020-11-03T08:02:32","date_gmt":"2020-11-03T07:02:32","guid":{"rendered":"https:\/\/vergersdelozere.net\/?post_type=vegetaux&#038;p=888"},"modified":"2021-02-11T19:47:11","modified_gmt":"2021-02-11T18:47:11","slug":"bergade","status":"publish","type":"vegetaux","link":"https:\/\/vergersdelozere.net\/index.php\/vegetaux\/bergade\/","title":{"rendered":"Bergade"},"content":{"rendered":"<p>Une des rares vari\u00e9t\u00e9s locales \u00e0 produire des pommes d&rsquo;\u00e9t\u00e9.<\/p>\n<p>Le fruit est assez allong\u00e9 en forme de museau de li\u00e8vre.<\/p>\n<p>Assez acidul\u00e9 et tr\u00e8s juteux, c&rsquo;est un bon fruit d\u00e9salt\u00e9rant qui vient \u00e0 point pour les grosses chaleurs.<\/p>\n<p>La vari\u00e9t\u00e9 est tr\u00e8s r\u00e9sistante, peu attaqu\u00e9e par les maladies et les ravageurs.<\/p>\n<p>Maturit\u00e9 : de fin juillet \u00e0 d\u00e9but ao\u00fbt.<\/p>\n<p>Usages : \u00e0 couteau et \u00e0 jus. Ne se conserve pas plus de quinze jours.<\/p>\n<p><img fetchpriority=\"high\" decoding=\"async\" class=\"alignnone size-medium wp-image-3112\" src=\"https:\/\/vergersdelozere.net\/wp-content\/uploads\/2021\/02\/Bergade_cif_ML-290x300.jpg\" alt=\"\" width=\"290\" height=\"300\" srcset=\"https:\/\/vergersdelozere.net\/wp-content\/uploads\/2021\/02\/Bergade_cif_ML-290x300.jpg 290w, https:\/\/vergersdelozere.net\/wp-content\/uploads\/2021\/02\/Bergade_cif_ML-990x1024.jpg 990w, https:\/\/vergersdelozere.net\/wp-content\/uploads\/2021\/02\/Bergade_cif_ML-768x795.jpg 768w, https:\/\/vergersdelozere.net\/wp-content\/uploads\/2021\/02\/Bergade_cif_ML.jpg 1063w\" sizes=\"(max-width: 290px) 100vw, 290px\" \/><\/p>\n<p><img decoding=\"async\" class=\"alignnone size-medium wp-image-3113\" src=\"https:\/\/vergersdelozere.net\/wp-content\/uploads\/2021\/02\/Bergade_cif_RKML-300x285.jpg\" alt=\"Bergade\" width=\"300\" height=\"285\" srcset=\"https:\/\/vergersdelozere.net\/wp-content\/uploads\/2021\/02\/Bergade_cif_RKML-300x285.jpg 300w, https:\/\/vergersdelozere.net\/wp-content\/uploads\/2021\/02\/Bergade_cif_RKML.jpg 721w\" sizes=\"(max-width: 300px) 100vw, 300px\" \/><\/p>\n","protected":false},"featured_media":3113,"comment_status":"open","ping_status":"closed","template":"","varietes_fruitieres":[20],"type_vegetal":[],"class_list":["post-888","vegetaux","type-vegetaux","status-publish","has-post-thumbnail","hentry","varietes_fruitieres-pommes","entry","has-media"],"acf":[],"_links":{"self":[{"href":"https:\/\/vergersdelozere.net\/index.php\/wp-json\/wp\/v2\/vegetaux\/888"}],"collection":[{"href":"https:\/\/vergersdelozere.net\/index.php\/wp-json\/wp\/v2\/vegetaux"}],"about":[{"href":"https:\/\/vergersdelozere.net\/index.php\/wp-json\/wp\/v2\/types\/vegetaux"}],"replies":[{"embeddable":true,"href":"https:\/\/vergersdelozere.net\/index.php\/wp-json\/wp\/v2\/comments?post=888"}],"version-history":[{"count":1,"href":"https:\/\/vergersdelozere.net\/index.php\/wp-json\/wp\/v2\/vegetaux\/888\/revisions"}],"predecessor-version":[{"id":890,"href":"https:\/\/vergersdelozere.net\/index.php\/wp-json\/wp\/v2\/vegetaux\/888\/revisions\/890"}],"wp:featuredmedia":[{"embeddable":true,"href":"https:\/\/vergersdelozere.net\/index.php\/wp-json\/wp\/v2\/media\/3113"}],"wp:attachment":[{"href":"https:\/\/vergersdelozere.net\/index.php\/wp-json\/wp\/v2\/media?parent=888"}],"wp:term":[{"taxonomy":"varietes_fruitieres","embeddable":true,"href":"https:\/\/vergersdelozere.net\/index.php\/wp-json\/wp\/v2\/varietes_fruitieres?post=888"},{"taxonomy":"type_vegetal","embeddable":true,"href":"https:\/\/vergersdelozere.net\/index.php\/wp-json\/wp\/v2\/type_vegetal?post=888"}],"curies":[{"name":"wp","href":"https:\/\/api.w.org\/{rel}","templated":true}]}}

<p>Une des rares variétés locales à produire des pommes d&rsquo;été.</p>
<p>Le fruit est assez allongé en forme de museau de lièvre.</p>
<p>Assez acidulé et très juteux, c&rsquo;est un bon fruit désaltérant qui vient à point pour les grosses chaleurs.</p>
<p>La variété est très résistante, peu attaquée par les maladies et les ravageurs.</p>
<p>Maturité : de fin juillet à début août.</p>
<p>Usages : à couteau et à jus. Ne se conserve pas plus de quinze jours.</p>
<p><img fetchpriority="high" decoding="async" class="alignnone size-medium wp-image-3112" src="https://vergersdelozere.net/wp-content/uploads/2021/02/Bergade_cif_ML-290x300.jpg" alt="" width="290" height="300" srcset="https://vergersdelozere.net/wp-content/uploads/2021/02/Bergade_cif_ML-290x300.jpg 290w, https://vergersdelozere.net/wp-content/uploads/2021/02/Bergade_cif_ML-990x1024.jpg 990w, https://vergersdelozere.net/wp-content/uploads/2021/02/Bergade_cif_ML-768x795.jpg 768w, https://vergersdelozere.net/wp-content/uploads/2021/02/Bergade_cif_ML.jpg 1063w" sizes="(max-width: 290px) 100vw, 290px" /></p>
<p><img decoding="async" class="alignnone size-medium wp-image-3113" src="https://vergersdelozere.net/wp-content/uploads/2021/02/Bergade_cif_RKML-300x285.jpg" alt="Bergade" width="300" height="285" srcset="https://vergersdelozere.net/wp-content/uploads/2021/02/Bergade_cif_RKML-300x285.jpg 300w, https://vergersdelozere.net/wp-content/uploads/2021/02/Bergade_cif_RKML.jpg 721w" sizes="(max-width: 300px) 100vw, 300px" /></p>
