{"id":2927,"date":"2021-01-25T09:01:54","date_gmt":"2021-01-25T08:01:54","guid":{"rendered":"https:\/\/vergersdelozere.net\/?post_type=vegetaux&#038;p=2927"},"modified":"2021-03-12T08:26:14","modified_gmt":"2021-03-12T07:26:14","slug":"gene-longue","status":"publish","type":"vegetaux","link":"https:\/\/vergersdelozere.net\/index.php\/vegetaux\/gene-longue\/","title":{"rendered":"\ud83c\udf30 G\u00e8ne Longue"},"content":{"rendered":"<p class=\"\"><span class=\"\">Cette vari\u00e9t\u00e9 tr\u00e8s r\u00e9put\u00e9e est r\u00e9pandue dans le Gard, la Loz\u00e8re et l\u2019H\u00e9rault.<\/span><span class=\"\">\u00a0<\/span><\/p>\n<p class=\"\"><span class=\"\"><span class=\"\">C&rsquo;est un gros fruit allong\u00e9\u00a0<\/span><\/span><span class=\"\">\u00a0<\/span><span class=\"\">(9 g),<\/span><span class=\"\">\u00a0\u00e0 l&rsquo;\u00e9piderme tr\u00e8s clair. Sa chair est fine et tr\u00e8s parfum\u00e9e.\u00a0<\/span><\/p>\n<p class=\"\">L&rsquo;arbre craint la s\u00e8cheresse. Il est r\u00e9sistant au c<span class=\"\">y<\/span>nips mais craint l&rsquo;encre et le carpocapse.<\/p>\n<p class=\"\">Maturit\u00e9 : 2\u00e8me quinzaine d&rsquo;octobre.<\/p>\n<p class=\"\">Usages : en frais, en confiture, \u00e0 griller et \u00e0 s\u00e9cher.<\/p>\n<p>&nbsp;<\/p>\n<hr \/>\n<p><img fetchpriority=\"high\" decoding=\"async\" class=\"alignnone size-large wp-image-3658\" src=\"https:\/\/vergersdelozere.net\/wp-content\/uploads\/2021\/03\/Gene_Longue_004_2_ML-1024x768.jpg\" alt=\"\" width=\"1024\" height=\"768\" srcset=\"https:\/\/vergersdelozere.net\/wp-content\/uploads\/2021\/03\/Gene_Longue_004_2_ML-1024x768.jpg 1024w, https:\/\/vergersdelozere.net\/wp-content\/uploads\/2021\/03\/Gene_Longue_004_2_ML-300x225.jpg 300w, https:\/\/vergersdelozere.net\/wp-content\/uploads\/2021\/03\/Gene_Longue_004_2_ML-768x576.jpg 768w, https:\/\/vergersdelozere.net\/wp-content\/uploads\/2021\/03\/Gene_Longue_004_2_ML.jpg 1100w\" sizes=\"(max-width: 1024px) 100vw, 1024px\" \/><\/p>\n","protected":false},"featured_media":3658,"comment_status":"open","ping_status":"closed","template":"","varietes_fruitieres":[22],"type_vegetal":[],"class_list":["post-2927","vegetaux","type-vegetaux","status-publish","has-post-thumbnail","hentry","varietes_fruitieres-chataignes","entry","has-media"],"acf":[],"_links":{"self":[{"href":"https:\/\/vergersdelozere.net\/index.php\/wp-json\/wp\/v2\/vegetaux\/2927"}],"collection":[{"href":"https:\/\/vergersdelozere.net\/index.php\/wp-json\/wp\/v2\/vegetaux"}],"about":[{"href":"https:\/\/vergersdelozere.net\/index.php\/wp-json\/wp\/v2\/types\/vegetaux"}],"replies":[{"embeddable":true,"href":"https:\/\/vergersdelozere.net\/index.php\/wp-json\/wp\/v2\/comments?post=2927"}],"version-history":[{"count":0,"href":"https:\/\/vergersdelozere.net\/index.php\/wp-json\/wp\/v2\/vegetaux\/2927\/revisions"}],"wp:featuredmedia":[{"embeddable":true,"href":"https:\/\/vergersdelozere.net\/index.php\/wp-json\/wp\/v2\/media\/3658"}],"wp:attachment":[{"href":"https:\/\/vergersdelozere.net\/index.php\/wp-json\/wp\/v2\/media?parent=2927"}],"wp:term":[{"taxonomy":"varietes_fruitieres","embeddable":true,"href":"https:\/\/vergersdelozere.net\/index.php\/wp-json\/wp\/v2\/varietes_fruitieres?post=2927"},{"taxonomy":"type_vegetal","embeddable":true,"href":"https:\/\/vergersdelozere.net\/index.php\/wp-json\/wp\/v2\/type_vegetal?post=2927"}],"curies":[{"name":"wp","href":"https:\/\/api.w.org\/{rel}","templated":true}]}}

🌰 Gène Longue

<p class=""><span class="">Cette variété très réputée est répandue dans le Gard, la Lozère et l’Hérault.</span><span class=""> </span></p>
<p class=""><span class=""><span class="">C&rsquo;est un gros fruit allongé </span></span><span class=""> </span><span class="">(9 g),</span><span class=""> à l&rsquo;épiderme très clair. Sa chair est fine et très parfumée. </span></p>
<p class="">L&rsquo;arbre craint la sècheresse. Il est résistant au c<span class="">y</span>nips mais craint l&rsquo;encre et le carpocapse.</p>
<p class="">Maturité : 2ème quinzaine d&rsquo;octobre.</p>
<p class="">Usages : en frais, en confiture, à griller et à sécher.</p>
<p>&nbsp;</p>
<hr />
<p><img fetchpriority="high" decoding="async" class="alignnone size-large wp-image-3658" src="https://vergersdelozere.net/wp-content/uploads/2021/03/Gene_Longue_004_2_ML-1024x768.jpg" alt="" width="1024" height="768" srcset="https://vergersdelozere.net/wp-content/uploads/2021/03/Gene_Longue_004_2_ML-1024x768.jpg 1024w, https://vergersdelozere.net/wp-content/uploads/2021/03/Gene_Longue_004_2_ML-300x225.jpg 300w, https://vergersdelozere.net/wp-content/uploads/2021/03/Gene_Longue_004_2_ML-768x576.jpg 768w, https://vergersdelozere.net/wp-content/uploads/2021/03/Gene_Longue_004_2_ML.jpg 1100w" sizes="(max-width: 1024px) 100vw, 1024px" /></p>
