{"id":1204,"date":"2020-11-13T17:22:35","date_gmt":"2020-11-13T16:22:35","guid":{"rendered":"https:\/\/vergersdelozere.net\/?post_type=vegetaux&#038;p=1204"},"modified":"2021-04-17T08:27:07","modified_gmt":"2021-04-17T06:27:07","slug":"bourrude","status":"publish","type":"vegetaux","link":"https:\/\/vergersdelozere.net\/index.php\/vegetaux\/bourrude\/","title":{"rendered":"\ud83c\udf30 Bourrue"},"content":{"rendered":"<p>Synonymes : Bourrude, La Bourrue, Barbude.<\/p>\n<hr \/>\n<p>Originaire du Bas-Limousin, elle est r\u00e9pandue en C\u00e9vennes loz\u00e9riennes.<\/p>\n<p>Le fruit est gros \u00e0 tr\u00e8s gros (15 \u00e0 16 g), reconnaissable \u00e0 son \u00e9piderme uniform\u00e9ment velu.<\/p>\n<p>Sa chair est ferme et tr\u00e8s sucr\u00e9e.<\/p>\n<p>L\u2019arbre a une belle production, mais il n\u2019aime pas les situations froides.<\/p>\n<p>Usages : en frais, \u00e0 s\u00e9cher.<\/p>\n<p>&nbsp;<\/p>\n<p><img fetchpriority=\"high\" decoding=\"async\" class=\"size-full wp-image-3649\" src=\"https:\/\/vergersdelozere.net\/wp-content\/uploads\/2021\/03\/chataigne-barbue.jpg\" alt=\"\" width=\"900\" height=\"675\" srcset=\"https:\/\/vergersdelozere.net\/wp-content\/uploads\/2021\/03\/chataigne-barbue.jpg 900w, https:\/\/vergersdelozere.net\/wp-content\/uploads\/2021\/03\/chataigne-barbue-300x225.jpg 300w, https:\/\/vergersdelozere.net\/wp-content\/uploads\/2021\/03\/chataigne-barbue-768x576.jpg 768w\" sizes=\"(max-width: 900px) 100vw, 900px\" \/><\/p>\n","protected":false},"featured_media":3649,"comment_status":"closed","ping_status":"closed","template":"","varietes_fruitieres":[22],"type_vegetal":[],"class_list":["post-1204","vegetaux","type-vegetaux","status-publish","has-post-thumbnail","hentry","varietes_fruitieres-chataignes","entry","has-media"],"acf":[],"_links":{"self":[{"href":"https:\/\/vergersdelozere.net\/index.php\/wp-json\/wp\/v2\/vegetaux\/1204"}],"collection":[{"href":"https:\/\/vergersdelozere.net\/index.php\/wp-json\/wp\/v2\/vegetaux"}],"about":[{"href":"https:\/\/vergersdelozere.net\/index.php\/wp-json\/wp\/v2\/types\/vegetaux"}],"replies":[{"embeddable":true,"href":"https:\/\/vergersdelozere.net\/index.php\/wp-json\/wp\/v2\/comments?post=1204"}],"version-history":[{"count":1,"href":"https:\/\/vergersdelozere.net\/index.php\/wp-json\/wp\/v2\/vegetaux\/1204\/revisions"}],"predecessor-version":[{"id":2893,"href":"https:\/\/vergersdelozere.net\/index.php\/wp-json\/wp\/v2\/vegetaux\/1204\/revisions\/2893"}],"wp:featuredmedia":[{"embeddable":true,"href":"https:\/\/vergersdelozere.net\/index.php\/wp-json\/wp\/v2\/media\/3649"}],"wp:attachment":[{"href":"https:\/\/vergersdelozere.net\/index.php\/wp-json\/wp\/v2\/media?parent=1204"}],"wp:term":[{"taxonomy":"varietes_fruitieres","embeddable":true,"href":"https:\/\/vergersdelozere.net\/index.php\/wp-json\/wp\/v2\/varietes_fruitieres?post=1204"},{"taxonomy":"type_vegetal","embeddable":true,"href":"https:\/\/vergersdelozere.net\/index.php\/wp-json\/wp\/v2\/type_vegetal?post=1204"}],"curies":[{"name":"wp","href":"https:\/\/api.w.org\/{rel}","templated":true}]}}

<p>Synonymes : Bourrude, La Bourrue, Barbude.</p>
<hr />
<p>Originaire du Bas-Limousin, elle est répandue en Cévennes lozériennes.</p>
<p>Le fruit est gros à très gros (15 à 16 g), reconnaissable à son épiderme uniformément velu.</p>
<p>Sa chair est ferme et très sucrée.</p>
<p>L’arbre a une belle production, mais il n’aime pas les situations froides.</p>
<p>Usages : en frais, à sécher.</p>
<p>&nbsp;</p>
<p><img fetchpriority="high" decoding="async" class="size-full wp-image-3649" src="https://vergersdelozere.net/wp-content/uploads/2021/03/chataigne-barbue.jpg" alt="" width="900" height="675" srcset="https://vergersdelozere.net/wp-content/uploads/2021/03/chataigne-barbue.jpg 900w, https://vergersdelozere.net/wp-content/uploads/2021/03/chataigne-barbue-300x225.jpg 300w, https://vergersdelozere.net/wp-content/uploads/2021/03/chataigne-barbue-768x576.jpg 768w" sizes="(max-width: 900px) 100vw, 900px" /></p>
