{"id":1087,"date":"2020-11-12T07:42:34","date_gmt":"2020-11-12T06:42:34","guid":{"rendered":"https:\/\/vergersdelozere.net\/?post_type=vegetaux&#038;p=1087"},"modified":"2021-02-12T11:33:42","modified_gmt":"2021-02-12T10:33:42","slug":"briquetch","status":"publish","type":"vegetaux","link":"https:\/\/vergersdelozere.net\/index.php\/vegetaux\/briquetch\/","title":{"rendered":"Briquetch"},"content":{"rendered":"<div>\n<p class=\"Standard\">Fruits tr\u00e8s petits, en forme de drag\u00e9es ovales.<\/p>\n<p class=\"Standard\">Chair peu juteuse, adh\u00e9rente au noyau, elle prend du sucre et perd son amertume en s\u00e9chant.<\/p>\n<p class=\"Standard\">Bonne productivit\u00e9, les fruits viennent en grappes sur les branches, ils restent accroch\u00e9s et finissent par s\u00e9cher dans l\u2019arbre.<\/p>\n<\/div>\n<div>\n<p class=\"Standard\">Maturit\u00e9 : de fin ao\u00fbt \u00e0 fin septembre, \u00e0 entre-cueillir.<\/p>\n<\/div>\n<div>\n<p class=\"Standard\">Usage : \u00e0 s\u00e9cher entiers, sans les d\u00e9noyauter. Ils \u00e9taient utilis\u00e9s avec le <em>badjanat<\/em> ou r\u00e9hydrat\u00e9s dans la tisane.<\/p>\n<p>&nbsp;<\/p>\n<\/div>\n<p><img fetchpriority=\"high\" decoding=\"async\" class=\"alignnone size-large wp-image-1088\" src=\"https:\/\/vergersdelozere.net\/wp-content\/uploads\/2020\/11\/Briquetch_1_ML-1024x768.jpg\" alt=\"\" width=\"1024\" height=\"768\" srcset=\"https:\/\/vergersdelozere.net\/wp-content\/uploads\/2020\/11\/Briquetch_1_ML-1024x768.jpg 1024w, https:\/\/vergersdelozere.net\/wp-content\/uploads\/2020\/11\/Briquetch_1_ML-300x225.jpg 300w, https:\/\/vergersdelozere.net\/wp-content\/uploads\/2020\/11\/Briquetch_1_ML-768x576.jpg 768w, https:\/\/vergersdelozere.net\/wp-content\/uploads\/2020\/11\/Briquetch_1_ML.jpg 1100w\" sizes=\"(max-width: 1024px) 100vw, 1024px\" \/><\/p>\n","protected":false},"featured_media":1088,"comment_status":"open","ping_status":"closed","template":"","varietes_fruitieres":[26],"type_vegetal":[],"class_list":["post-1087","vegetaux","type-vegetaux","status-publish","has-post-thumbnail","hentry","varietes_fruitieres-prunes","entry","has-media"],"acf":[],"_links":{"self":[{"href":"https:\/\/vergersdelozere.net\/index.php\/wp-json\/wp\/v2\/vegetaux\/1087"}],"collection":[{"href":"https:\/\/vergersdelozere.net\/index.php\/wp-json\/wp\/v2\/vegetaux"}],"about":[{"href":"https:\/\/vergersdelozere.net\/index.php\/wp-json\/wp\/v2\/types\/vegetaux"}],"replies":[{"embeddable":true,"href":"https:\/\/vergersdelozere.net\/index.php\/wp-json\/wp\/v2\/comments?post=1087"}],"version-history":[{"count":1,"href":"https:\/\/vergersdelozere.net\/index.php\/wp-json\/wp\/v2\/vegetaux\/1087\/revisions"}],"predecessor-version":[{"id":1089,"href":"https:\/\/vergersdelozere.net\/index.php\/wp-json\/wp\/v2\/vegetaux\/1087\/revisions\/1089"}],"wp:featuredmedia":[{"embeddable":true,"href":"https:\/\/vergersdelozere.net\/index.php\/wp-json\/wp\/v2\/media\/1088"}],"wp:attachment":[{"href":"https:\/\/vergersdelozere.net\/index.php\/wp-json\/wp\/v2\/media?parent=1087"}],"wp:term":[{"taxonomy":"varietes_fruitieres","embeddable":true,"href":"https:\/\/vergersdelozere.net\/index.php\/wp-json\/wp\/v2\/varietes_fruitieres?post=1087"},{"taxonomy":"type_vegetal","embeddable":true,"href":"https:\/\/vergersdelozere.net\/index.php\/wp-json\/wp\/v2\/type_vegetal?post=1087"}],"curies":[{"name":"wp","href":"https:\/\/api.w.org\/{rel}","templated":true}]}}

<div>
<p class="Standard">Fruits très petits, en forme de dragées ovales.</p>
<p class="Standard">Chair peu juteuse, adhérente au noyau, elle prend du sucre et perd son amertume en séchant.</p>
<p class="Standard">Bonne productivité, les fruits viennent en grappes sur les branches, ils restent accrochés et finissent par sécher dans l’arbre.</p>
</div>
<div>
<p class="Standard">Maturité : de fin août à fin septembre, à entre-cueillir.</p>
</div>
<div>
<p class="Standard">Usage : à sécher entiers, sans les dénoyauter. Ils étaient utilisés avec le <em>badjanat</em> ou réhydratés dans la tisane.</p>
<p>&nbsp;</p>
</div>
<p><img fetchpriority="high" decoding="async" class="alignnone size-large wp-image-1088" src="https://vergersdelozere.net/wp-content/uploads/2020/11/Briquetch_1_ML-1024x768.jpg" alt="" width="1024" height="768" srcset="https://vergersdelozere.net/wp-content/uploads/2020/11/Briquetch_1_ML-1024x768.jpg 1024w, https://vergersdelozere.net/wp-content/uploads/2020/11/Briquetch_1_ML-300x225.jpg 300w, https://vergersdelozere.net/wp-content/uploads/2020/11/Briquetch_1_ML-768x576.jpg 768w, https://vergersdelozere.net/wp-content/uploads/2020/11/Briquetch_1_ML.jpg 1100w" sizes="(max-width: 1024px) 100vw, 1024px" /></p>
