{"id":1045,"date":"2020-11-11T08:29:14","date_gmt":"2020-11-11T07:29:14","guid":{"rendered":"https:\/\/vergersdelozere.net\/?post_type=vegetaux&#038;p=1045"},"modified":"2020-11-13T18:09:58","modified_gmt":"2020-11-13T17:09:58","slug":"perous","status":"publish","type":"vegetaux","link":"https:\/\/vergersdelozere.net\/index.php\/vegetaux\/perous\/","title":{"rendered":"P\u00e9rous"},"content":{"rendered":"<div>\n<p class=\"Standard\">Vari\u00e9t\u00e9 c\u00e9venole.<\/p>\n<div>\n<p class=\"Standard\">Petit fruit sph\u00e9rique \u00e0 chair tendre, fine et fondante, juteuse, l\u00e9g\u00e8rement pierreuse.<\/p>\n<\/div>\n<p class=\"Standard\">L\u2019arbre aime les terres riches et fraiches. Productif et peu soumis \u00e0 l&rsquo;alternance, il est un peu sensible \u00e0 la tavelure et au carpocapse.<\/p>\n<\/div>\n<div>\n<p class=\"Standard\">Maturit\u00e9 : en septembre, poire de fin d&rsquo;\u00e9t\u00e9.<\/p>\n<\/div>\n<div>\n<p class=\"Standard\">Usages : \u00e0 couteau, \u00e0 jus, \u00e0 s\u00e9cher.<\/p>\n<\/div>\n","protected":false},"featured_media":1046,"comment_status":"open","ping_status":"closed","template":"","varietes_fruitieres":[21],"type_vegetal":[],"class_list":["post-1045","vegetaux","type-vegetaux","status-publish","has-post-thumbnail","hentry","varietes_fruitieres-poires","entry","has-media"],"acf":[],"_links":{"self":[{"href":"https:\/\/vergersdelozere.net\/index.php\/wp-json\/wp\/v2\/vegetaux\/1045"}],"collection":[{"href":"https:\/\/vergersdelozere.net\/index.php\/wp-json\/wp\/v2\/vegetaux"}],"about":[{"href":"https:\/\/vergersdelozere.net\/index.php\/wp-json\/wp\/v2\/types\/vegetaux"}],"replies":[{"embeddable":true,"href":"https:\/\/vergersdelozere.net\/index.php\/wp-json\/wp\/v2\/comments?post=1045"}],"version-history":[{"count":0,"href":"https:\/\/vergersdelozere.net\/index.php\/wp-json\/wp\/v2\/vegetaux\/1045\/revisions"}],"wp:featuredmedia":[{"embeddable":true,"href":"https:\/\/vergersdelozere.net\/index.php\/wp-json\/wp\/v2\/media\/1046"}],"wp:attachment":[{"href":"https:\/\/vergersdelozere.net\/index.php\/wp-json\/wp\/v2\/media?parent=1045"}],"wp:term":[{"taxonomy":"varietes_fruitieres","embeddable":true,"href":"https:\/\/vergersdelozere.net\/index.php\/wp-json\/wp\/v2\/varietes_fruitieres?post=1045"},{"taxonomy":"type_vegetal","embeddable":true,"href":"https:\/\/vergersdelozere.net\/index.php\/wp-json\/wp\/v2\/type_vegetal?post=1045"}],"curies":[{"name":"wp","href":"https:\/\/api.w.org\/{rel}","templated":true}]}}

Pérous

<div>
<p class="Standard">Variété cévenole.</p>
<div>
<p class="Standard">Petit fruit sphérique à chair tendre, fine et fondante, juteuse, légèrement pierreuse.</p>
</div>
<p class="Standard">L’arbre aime les terres riches et fraiches. Productif et peu soumis à l&rsquo;alternance, il est un peu sensible à la tavelure et au carpocapse.</p>
</div>
<div>
<p class="Standard">Maturité : en septembre, poire de fin d&rsquo;été.</p>
</div>
<div>
<p class="Standard">Usages : à couteau, à jus, à sécher.</p>
</div>
