{"id":1040,"date":"2020-11-11T08:04:38","date_gmt":"2020-11-11T07:04:38","guid":{"rendered":"https:\/\/vergersdelozere.net\/?post_type=vegetaux&#038;p=1040"},"modified":"2021-02-11T13:46:57","modified_gmt":"2021-02-11T12:46:57","slug":"muscadelle-precoce","status":"publish","type":"vegetaux","link":"https:\/\/vergersdelozere.net\/index.php\/vegetaux\/muscadelle-precoce\/","title":{"rendered":"Muscadelle Pr\u00e9coce"},"content":{"rendered":"<div>\n<p class=\"Standard\">Cette poire d\u2019\u00e9t\u00e9 de toute petite taille (4 cm environ) se rapproche des petits muscats.<\/p>\n<p class=\"Standard\">Son \u00e9piderme est jaune et rouill\u00e9 sur l\u2019ensemble de sa surface.<\/p>\n<p>Sa chair est blanc cr\u00e8me, tendre, fine et juteuse, musqu\u00e9e, tr\u00e8s sucr\u00e9e et parfum\u00e9e, sans granulations.<\/p>\n<\/div>\n<div>\n<p class=\"Standard\">Maturit\u00e9 : de mi-juillet \u00e0 d\u00e9but ao\u00fbt, aucune conservation<\/p>\n<\/div>\n<div>\n<p class=\"Standard\">Usage : \u00e0 couteau uniquement, excellente,<\/p>\n<\/div>\n","protected":false},"featured_media":1041,"comment_status":"open","ping_status":"closed","template":"","varietes_fruitieres":[21],"type_vegetal":[],"class_list":["post-1040","vegetaux","type-vegetaux","status-publish","has-post-thumbnail","hentry","varietes_fruitieres-poires","entry","has-media"],"acf":[],"_links":{"self":[{"href":"https:\/\/vergersdelozere.net\/index.php\/wp-json\/wp\/v2\/vegetaux\/1040"}],"collection":[{"href":"https:\/\/vergersdelozere.net\/index.php\/wp-json\/wp\/v2\/vegetaux"}],"about":[{"href":"https:\/\/vergersdelozere.net\/index.php\/wp-json\/wp\/v2\/types\/vegetaux"}],"replies":[{"embeddable":true,"href":"https:\/\/vergersdelozere.net\/index.php\/wp-json\/wp\/v2\/comments?post=1040"}],"version-history":[{"count":1,"href":"https:\/\/vergersdelozere.net\/index.php\/wp-json\/wp\/v2\/vegetaux\/1040\/revisions"}],"predecessor-version":[{"id":1094,"href":"https:\/\/vergersdelozere.net\/index.php\/wp-json\/wp\/v2\/vegetaux\/1040\/revisions\/1094"}],"wp:featuredmedia":[{"embeddable":true,"href":"https:\/\/vergersdelozere.net\/index.php\/wp-json\/wp\/v2\/media\/1041"}],"wp:attachment":[{"href":"https:\/\/vergersdelozere.net\/index.php\/wp-json\/wp\/v2\/media?parent=1040"}],"wp:term":[{"taxonomy":"varietes_fruitieres","embeddable":true,"href":"https:\/\/vergersdelozere.net\/index.php\/wp-json\/wp\/v2\/varietes_fruitieres?post=1040"},{"taxonomy":"type_vegetal","embeddable":true,"href":"https:\/\/vergersdelozere.net\/index.php\/wp-json\/wp\/v2\/type_vegetal?post=1040"}],"curies":[{"name":"wp","href":"https:\/\/api.w.org\/{rel}","templated":true}]}}

Muscadelle Précoce

<div>
<p class="Standard">Cette poire d’été de toute petite taille (4 cm environ) se rapproche des petits muscats.</p>
<p class="Standard">Son épiderme est jaune et rouillé sur l’ensemble de sa surface.</p>
<p>Sa chair est blanc crème, tendre, fine et juteuse, musquée, très sucrée et parfumée, sans granulations.</p>
</div>
<div>
<p class="Standard">Maturité : de mi-juillet à début août, aucune conservation</p>
</div>
<div>
<p class="Standard">Usage : à couteau uniquement, excellente,</p>
</div>
