{"id":1029,"date":"2020-11-10T07:43:00","date_gmt":"2020-11-10T06:43:00","guid":{"rendered":"https:\/\/vergersdelozere.net\/?post_type=vegetaux&#038;p=1029"},"modified":"2022-04-27T07:43:09","modified_gmt":"2022-04-27T05:43:09","slug":"elzette-a-chair-rouge","status":"publish","type":"vegetaux","link":"https:\/\/vergersdelozere.net\/index.php\/vegetaux\/elzette-a-chair-rouge\/","title":{"rendered":"\ud83c\udf50 Elzette \u00e0 chair rouge"},"content":{"rendered":"<div>\n<p class=\"Standard\">Vari\u00e9t\u00e9 c\u00e9venole, elle \u00e9tait tr\u00e8s r\u00e9pandue dans le sud du d\u00e9partement.<\/p>\n<p>Le fruit est petit, vert tach\u00e9 de roux avec parfois une joue rouge.<\/p>\n<p>La chair cassante est tr\u00e8s ferme, non pierreuse. Elle est peu sucr\u00e9e, peu juteuse et peu parfum\u00e9e, elle s\u2019am\u00e9liore grandement \u00e0 la cuisson.<\/p>\n<p class=\"Standard\">L\u2019arbre greff\u00e9 sur franc est vigoureux. Les fruits r\u00e9sistent bien au carpocapse.<\/p>\n<\/div>\n<div>\n<p class=\"Standard\">Maturit\u00e9 : La cueillette s&rsquo;effectue en octobre pour une consommation jusqu\u2019en janvier.<\/p>\n<\/div>\n<div>\n<p class=\"Standard\">Usages : \u00e0 cuire, traditionnellement dans le vin.<\/p>\n<p><img fetchpriority=\"high\" decoding=\"async\" class=\"alignnone size-large wp-image-4836\" src=\"https:\/\/vergersdelozere.net\/wp-content\/uploads\/2022\/04\/Elzette_a_chair_rouge_YM_-22092019_1-1024x768.jpg\" alt=\"\" width=\"1024\" height=\"768\" srcset=\"https:\/\/vergersdelozere.net\/wp-content\/uploads\/2022\/04\/Elzette_a_chair_rouge_YM_-22092019_1-1024x768.jpg 1024w, https:\/\/vergersdelozere.net\/wp-content\/uploads\/2022\/04\/Elzette_a_chair_rouge_YM_-22092019_1-300x225.jpg 300w, https:\/\/vergersdelozere.net\/wp-content\/uploads\/2022\/04\/Elzette_a_chair_rouge_YM_-22092019_1-768x576.jpg 768w, https:\/\/vergersdelozere.net\/wp-content\/uploads\/2022\/04\/Elzette_a_chair_rouge_YM_-22092019_1.jpg 1100w\" sizes=\"(max-width: 1024px) 100vw, 1024px\" \/><\/p>\n<\/div>\n<div>\n<p class=\"Standard\">\n<\/div>\n","protected":false},"featured_media":1030,"comment_status":"open","ping_status":"closed","template":"","varietes_fruitieres":[21],"type_vegetal":[],"class_list":["post-1029","vegetaux","type-vegetaux","status-publish","has-post-thumbnail","hentry","varietes_fruitieres-poires","entry","has-media"],"acf":[],"_links":{"self":[{"href":"https:\/\/vergersdelozere.net\/index.php\/wp-json\/wp\/v2\/vegetaux\/1029"}],"collection":[{"href":"https:\/\/vergersdelozere.net\/index.php\/wp-json\/wp\/v2\/vegetaux"}],"about":[{"href":"https:\/\/vergersdelozere.net\/index.php\/wp-json\/wp\/v2\/types\/vegetaux"}],"replies":[{"embeddable":true,"href":"https:\/\/vergersdelozere.net\/index.php\/wp-json\/wp\/v2\/comments?post=1029"}],"version-history":[{"count":2,"href":"https:\/\/vergersdelozere.net\/index.php\/wp-json\/wp\/v2\/vegetaux\/1029\/revisions"}],"predecessor-version":[{"id":4837,"href":"https:\/\/vergersdelozere.net\/index.php\/wp-json\/wp\/v2\/vegetaux\/1029\/revisions\/4837"}],"wp:featuredmedia":[{"embeddable":true,"href":"https:\/\/vergersdelozere.net\/index.php\/wp-json\/wp\/v2\/media\/1030"}],"wp:attachment":[{"href":"https:\/\/vergersdelozere.net\/index.php\/wp-json\/wp\/v2\/media?parent=1029"}],"wp:term":[{"taxonomy":"varietes_fruitieres","embeddable":true,"href":"https:\/\/vergersdelozere.net\/index.php\/wp-json\/wp\/v2\/varietes_fruitieres?post=1029"},{"taxonomy":"type_vegetal","embeddable":true,"href":"https:\/\/vergersdelozere.net\/index.php\/wp-json\/wp\/v2\/type_vegetal?post=1029"}],"curies":[{"name":"wp","href":"https:\/\/api.w.org\/{rel}","templated":true}]}}

🍐 Elzette à chair rouge

<div>
<p class="Standard">Variété cévenole, elle était très répandue dans le sud du département.</p>
<p>Le fruit est petit, vert taché de roux avec parfois une joue rouge.</p>
<p>La chair cassante est très ferme, non pierreuse. Elle est peu sucrée, peu juteuse et peu parfumée, elle s’améliore grandement à la cuisson.</p>
<p class="Standard">L’arbre greffé sur franc est vigoureux. Les fruits résistent bien au carpocapse.</p>
</div>
<div>
<p class="Standard">Maturité : La cueillette s&rsquo;effectue en octobre pour une consommation jusqu’en janvier.</p>
</div>
<div>
<p class="Standard">Usages : à cuire, traditionnellement dans le vin.</p>
<p><img fetchpriority="high" decoding="async" class="alignnone size-large wp-image-4836" src="https://vergersdelozere.net/wp-content/uploads/2022/04/Elzette_a_chair_rouge_YM_-22092019_1-1024x768.jpg" alt="" width="1024" height="768" srcset="https://vergersdelozere.net/wp-content/uploads/2022/04/Elzette_a_chair_rouge_YM_-22092019_1-1024x768.jpg 1024w, https://vergersdelozere.net/wp-content/uploads/2022/04/Elzette_a_chair_rouge_YM_-22092019_1-300x225.jpg 300w, https://vergersdelozere.net/wp-content/uploads/2022/04/Elzette_a_chair_rouge_YM_-22092019_1-768x576.jpg 768w, https://vergersdelozere.net/wp-content/uploads/2022/04/Elzette_a_chair_rouge_YM_-22092019_1.jpg 1100w" sizes="(max-width: 1024px) 100vw, 1024px" /></p>
</div>
<div>
<p class="Standard">
</div>
