{"id":881,"date":"2020-11-03T07:28:10","date_gmt":"2020-11-03T06:28:10","guid":{"rendered":"https:\/\/vergersdelozere.net\/?page_id=881"},"modified":"2021-02-04T07:47:48","modified_gmt":"2021-02-04T06:47:48","slug":"catalogue-des-variete-locales-adaptees","status":"publish","type":"page","link":"https:\/\/vergersdelozere.net\/index.php\/catalogue-des-variete-locales-adaptees\/","title":{"rendered":"Catalogue des vari\u00e9t\u00e9 locales &#038; adapt\u00e9es"},"content":{"rendered":"\t\t<div data-elementor-type=\"wp-page\" data-elementor-id=\"881\" class=\"elementor elementor-881\" data-elementor-post-type=\"page\">\n\t\t\t\t\t\t<section class=\"elementor-section elementor-top-section elementor-element elementor-element-70272e2 elementor-section-boxed elementor-section-height-default elementor-section-height-default\" data-id=\"70272e2\" data-element_type=\"section\">\n\t\t\t\t\t\t<div class=\"elementor-container elementor-column-gap-default\">\n\t\t\t\t\t<div class=\"elementor-column elementor-col-100 elementor-top-column elementor-element elementor-element-5195d11\" data-id=\"5195d11\" data-element_type=\"column\">\n\t\t\t<div class=\"elementor-widget-wrap elementor-element-populated\">\n\t\t\t\t\t\t<div class=\"elementor-element elementor-element-cfe22f4 elementor-widget elementor-widget-heading\" data-id=\"cfe22f4\" data-element_type=\"widget\" data-widget_type=\"heading.default\">\n\t\t\t\t<div class=\"elementor-widget-container\">\n\t\t\t\t\t<h3 class=\"elementor-heading-title elementor-size-default\">Diversit\u00e9 vari\u00e9tale<\/h3>\t\t\t\t<\/div>\n\t\t\t\t<\/div>\n\t\t\t\t\t<\/div>\n\t\t<\/div>\n\t\t\t\t\t<\/div>\n\t\t<\/section>\n\t\t\t\t<section class=\"elementor-section elementor-top-section elementor-element elementor-element-06ff139 elementor-section-boxed elementor-section-height-default elementor-section-height-default\" data-id=\"06ff139\" data-element_type=\"section\">\n\t\t\t\t\t\t<div class=\"elementor-container elementor-column-gap-default\">\n\t\t\t\t\t<div class=\"elementor-column elementor-col-100 elementor-top-column elementor-element elementor-element-65642bf\" data-id=\"65642bf\" data-element_type=\"column\">\n\t\t\t<div class=\"elementor-widget-wrap elementor-element-populated\">\n\t\t\t\t\t\t<div class=\"elementor-element elementor-element-09ff73d elementor-widget elementor-widget-text-editor\" data-id=\"09ff73d\" data-element_type=\"widget\" data-widget_type=\"text-editor.default\">\n\t\t\t\t<div class=\"elementor-widget-container\">\n\t\t\t\t\t\t\t\t\t<div>La Loz\u00e8re pr\u00e9sente une grande diversit\u00e9 de territoires particuliers, du fait de sa configuration g\u00e9ographique, mais \u00e9galement du fait\u00a0des habitats naturels qui la composent. Plus de 62% du territoire (320 347 hectares) pr\u00e9sentent des enjeux majeurs ou forts d\u2019un point de vue \u00e9cologique (ENS, ZNIEFF, Zone Natura 2000, r\u00e9serve de biosph\u00e8re, et territoire Unesco).<\/div><div>Ces divers milieux ont vu na\u00eetre de nombreuses vari\u00e9t\u00e9s adapt\u00e9es : cerisiers, abricotiers, pruniers, p\u00eachers, pommiers, figuiers, poiriers, ch\u00e2taigniers, vignes, etc.\u00a0<\/div><div>Sur le d\u00e9partement de la Loz\u00e8re, l&rsquo;association a recens\u00e9 pas moins de 125 vari\u00e9t\u00e9s de ch\u00e2taignes, 80 vari\u00e9t\u00e9s de pommes, 36 de poires, 30 de raisins, 23 de prunes et 9 vari\u00e9t\u00e9s de cerises.\u00a0<\/div><div>Une diversit\u00e9 vari\u00e9tale exceptionnelle ! Mais il n\u2019existe, \u00e0 l&rsquo;heure actuelle, aucun <a href=\"https:\/\/vergersdelozere.net\/wp-content\/uploads\/2021\/02\/UPF_Verger_Conservatoire_synthese_validee_1701.pdf\" target=\"_blank\" rel=\"noopener\">verger conservatoire*<\/a> pour la sauvegarder.\u00a0<\/div><p>\u00a0<\/p><p>*Verger Conservatoire :\u00a0<span style=\"font-family: 'EB Garamond'; font-size: 22px; font-style: normal; font-variant-caps: normal;\">en t\u00e9l\u00e9chargement, la\u00a0<\/span><span style=\"font-size: 22px;\">d\u00e9finition propos\u00e9e par l&rsquo;Union Pomologique de France.<\/span><\/p>\t\t\t\t\t\t\t\t<\/div>\n\t\t\t\t<\/div>\n\t\t\t\t\t<\/div>\n\t\t<\/div>\n\t\t\t\t\t<\/div>\n\t\t<\/section>\n\t\t\t\t<\/div>\n\t\t","protected":false},"excerpt":{"rendered":"<p>Diversit\u00e9 vari\u00e9tale La Loz\u00e8re pr\u00e9sente une grande diversit\u00e9 de territoires particuliers, du fait de sa configuration g\u00e9ographique, mais \u00e9galement du fait\u00a0des habitats naturels qui la composent. Plus de 62% du territoire (320 347 hectares) pr\u00e9sentent des enjeux majeurs ou forts d\u2019un point de vue \u00e9cologique (ENS, ZNIEFF, Zone Natura 2000, r\u00e9serve de biosph\u00e8re, et territoire [&hellip;]<\/p>\n","protected":false},"author":1,"featured_media":0,"parent":0,"menu_order":0,"comment_status":"closed","ping_status":"closed","template":"","meta":{"_acf_changed":false,"ocean_post_layout":"","ocean_both_sidebars_style":"","ocean_both_sidebars_content_width":0,"ocean_both_sidebars_sidebars_width":0,"ocean_sidebar":"0","ocean_second_sidebar":"0","ocean_disable_margins":"enable","ocean_add_body_class":"","ocean_shortcode_before_top_bar":"","ocean_shortcode_after_top_bar":"","ocean_shortcode_before_header":"","ocean_shortcode_after_header":"","ocean_has_shortcode":"","ocean_shortcode_after_title":"","ocean_shortcode_before_footer_widgets":"","ocean_shortcode_after_footer_widgets":"","ocean_shortcode_before_footer_bottom":"","ocean_shortcode_after_footer_bottom":"","ocean_display_top_bar":"default","ocean_display_header":"default","ocean_header_style":"","ocean_center_header_left_menu":"0","ocean_custom_header_template":"0","ocean_custom_logo":0,"ocean_custom_retina_logo":0,"ocean_custom_logo_max_width":0,"ocean_custom_logo_tablet_max_width":0,"ocean_custom_logo_mobile_max_width":0,"ocean_custom_logo_max_height":0,"ocean_custom_logo_tablet_max_height":0,"ocean_custom_logo_mobile_max_height":0,"ocean_header_custom_menu":"0","ocean_menu_typo_font_family":"0","ocean_menu_typo_font_subset":"","ocean_menu_typo_font_size":0,"ocean_menu_typo_font_size_tablet":0,"ocean_menu_typo_font_size_mobile":0,"ocean_menu_typo_font_size_unit":"px","ocean_menu_typo_font_weight":"","ocean_menu_typo_font_weight_tablet":"","ocean_menu_typo_font_weight_mobile":"","ocean_menu_typo_transform":"","ocean_menu_typo_transform_tablet":"","ocean_menu_typo_transform_mobile":"","ocean_menu_typo_line_height":0,"ocean_menu_typo_line_height_tablet":0,"ocean_menu_typo_line_height_mobile":0,"ocean_menu_typo_line_height_unit":"","ocean_menu_typo_spacing":0,"ocean_menu_typo_spacing_tablet":0,"ocean_menu_typo_spacing_mobile":0,"ocean_menu_typo_spacing_unit":"","ocean_menu_link_color":"","ocean_menu_link_color_hover":"","ocean_menu_link_color_active":"","ocean_menu_link_background":"","ocean_menu_link_hover_background":"","ocean_menu_link_active_background":"","ocean_menu_social_links_bg":"","ocean_menu_social_hover_links_bg":"","ocean_menu_social_links_color":"","ocean_menu_social_hover_links_color":"","ocean_disable_title":"default","ocean_disable_heading":"default","ocean_post_title":"","ocean_post_subheading":"","ocean_post_title_style":"","ocean_post_title_background_color":"","ocean_post_title_background":0,"ocean_post_title_bg_image_position":"","ocean_post_title_bg_image_attachment":"","ocean_post_title_bg_image_repeat":"","ocean_post_title_bg_image_size":"","ocean_post_title_height":0,"ocean_post_title_bg_overlay":0.5,"ocean_post_title_bg_overlay_color":"","ocean_disable_breadcrumbs":"default","ocean_breadcrumbs_color":"","ocean_breadcrumbs_separator_color":"","ocean_breadcrumbs_links_color":"","ocean_breadcrumbs_links_hover_color":"","ocean_display_footer_widgets":"default","ocean_display_footer_bottom":"default","ocean_custom_footer_template":"0","footnotes":""},"class_list":["post-881","page","type-page","status-publish","hentry","entry"],"acf":[],"_links":{"self":[{"href":"https:\/\/vergersdelozere.net\/index.php\/wp-json\/wp\/v2\/pages\/881"}],"collection":[{"href":"https:\/\/vergersdelozere.net\/index.php\/wp-json\/wp\/v2\/pages"}],"about":[{"href":"https:\/\/vergersdelozere.net\/index.php\/wp-json\/wp\/v2\/types\/page"}],"author":[{"embeddable":true,"href":"https:\/\/vergersdelozere.net\/index.php\/wp-json\/wp\/v2\/users\/1"}],"replies":[{"embeddable":true,"href":"https:\/\/vergersdelozere.net\/index.php\/wp-json\/wp\/v2\/comments?post=881"}],"version-history":[{"count":21,"href":"https:\/\/vergersdelozere.net\/index.php\/wp-json\/wp\/v2\/pages\/881\/revisions"}],"predecessor-version":[{"id":3064,"href":"https:\/\/vergersdelozere.net\/index.php\/wp-json\/wp\/v2\/pages\/881\/revisions\/3064"}],"wp:attachment":[{"href":"https:\/\/vergersdelozere.net\/index.php\/wp-json\/wp\/v2\/media?parent=881"}],"curies":[{"name":"wp","href":"https:\/\/api.w.org\/{rel}","templated":true}]}}